{"id":2081,"date":"2024-09-25T09:07:35","date_gmt":"2024-09-25T09:07:35","guid":{"rendered":"https:\/\/entreuth.iea.org.gr\/le-projet\/"},"modified":"2025-04-16T09:22:40","modified_gmt":"2025-04-16T09:22:40","slug":"le-projet","status":"publish","type":"page","link":"https:\/\/entreuth.iea.org.gr\/fr\/le-projet\/","title":{"rendered":"Le projet"},"content":{"rendered":"\t\t<div data-elementor-type=\"wp-page\" data-elementor-id=\"2081\" class=\"elementor elementor-2081 elementor-452\" data-elementor-post-type=\"page\">\n\t\t\t\t<div class=\"elementor-element elementor-element-df82b27 e-flex e-con-boxed e-con e-parent\" data-id=\"df82b27\" data-element_type=\"container\" data-e-type=\"container\" data-settings=\"{&quot;background_background&quot;:&quot;classic&quot;}\">\n\t\t\t\t\t<div class=\"e-con-inner\">\n\t\t<div class=\"elementor-element elementor-element-9e9f24c e-flex e-con-boxed e-con e-child\" data-id=\"9e9f24c\" data-element_type=\"container\" data-e-type=\"container\">\n\t\t\t\t\t<div class=\"e-con-inner\">\n\t\t<div class=\"elementor-element elementor-element-9f72f1b e-flex e-con-boxed e-con e-child\" data-id=\"9f72f1b\" data-element_type=\"container\" data-e-type=\"container\">\n\t\t\t\t\t<div class=\"e-con-inner\">\n\t\t<div class=\"elementor-element elementor-element-9503712 e-flex e-con-boxed e-con e-child\" data-id=\"9503712\" data-element_type=\"container\" data-e-type=\"container\">\n\t\t\t\t\t<div class=\"e-con-inner\">\n\t\t\t\t<div class=\"elementor-element elementor-element-5c086aa elementor-widget elementor-widget-heading\" data-id=\"5c086aa\" data-element_type=\"widget\" data-e-type=\"widget\" data-widget_type=\"heading.default\">\n\t\t\t\t<div class=\"elementor-widget-container\">\n\t\t\t\t\t<h6 class=\"elementor-heading-title elementor-size-default\">Le projet<\/h6>\t\t\t\t<\/div>\n\t\t\t\t<\/div>\n\t\t\t\t<div class=\"elementor-element elementor-element-ce48bc0 elementor-widget elementor-widget-heading\" data-id=\"ce48bc0\" data-element_type=\"widget\" data-e-type=\"widget\" data-widget_type=\"heading.default\">\n\t\t\t\t<div class=\"elementor-widget-container\">\n\t\t\t\t\t<h1 class=\"elementor-heading-title elementor-size-default\">Le projet EntrEUth vise \u00e0 d\u00e9velopper l'esprit d'entreprise chez les jeunes Europ\u00e9ens, en particulier ceux qui souffrent de troubles sp\u00e9cifiques de l'apprentissage (TSA). <\/h1>\t\t\t\t<\/div>\n\t\t\t\t<\/div>\n\t\t\t\t\t<\/div>\n\t\t\t\t<\/div>\n\t\t\t\t\t<\/div>\n\t\t\t\t<\/div>\n\t\t<div class=\"elementor-element elementor-element-a1fa886 e-con-full e-flex e-con e-child\" data-id=\"a1fa886\" data-element_type=\"container\" data-e-type=\"container\">\n\t\t<div class=\"elementor-element elementor-element-53ff607 e-con-full e-flex e-con e-child\" data-id=\"53ff607\" data-element_type=\"container\" data-e-type=\"container\">\n\t\t\t\t<div class=\"elementor-element elementor-element-51338b4 elementor-widget elementor-widget-image\" data-id=\"51338b4\" data-element_type=\"widget\" data-e-type=\"widget\" data-widget_type=\"image.default\">\n\t\t\t\t<div class=\"elementor-widget-container\">\n\t\t\t\t\t\t\t\t\t\t\t\t\t\t\t<img fetchpriority=\"high\" decoding=\"async\" width=\"678\" height=\"1171\" src=\"https:\/\/entreuth.iea.org.gr\/wp-content\/uploads\/2024\/10\/proj.jpg\" class=\"attachment-full size-full wp-image-1736\" alt=\"\" srcset=\"https:\/\/entreuth.iea.org.gr\/wp-content\/uploads\/2024\/10\/proj.jpg 678w, https:\/\/entreuth.iea.org.gr\/wp-content\/uploads\/2024\/10\/proj-174x300.jpg 174w, https:\/\/entreuth.iea.org.gr\/wp-content\/uploads\/2024\/10\/proj-593x1024.jpg 593w\" sizes=\"(max-width: 678px) 100vw, 678px\" \/>\t\t\t\t\t\t\t\t\t\t\t\t\t\t\t<\/div>\n\t\t\t\t<\/div>\n\t\t\t\t<div class=\"elementor-element elementor-element-e333505 elementor-widget elementor-widget-image\" data-id=\"e333505\" data-element_type=\"widget\" data-e-type=\"widget\" data-widget_type=\"image.default\">\n\t\t\t\t<div class=\"elementor-widget-container\">\n\t\t\t\t\t\t\t\t\t\t\t\t\t\t\t<img decoding=\"async\" width=\"2048\" height=\"1536\" src=\"https:\/\/entreuth.iea.org.gr\/wp-content\/uploads\/2024\/10\/der.jpg\" class=\"attachment-full size-full wp-image-1796\" alt=\"\" srcset=\"https:\/\/entreuth.iea.org.gr\/wp-content\/uploads\/2024\/10\/der.jpg 2048w, https:\/\/entreuth.iea.org.gr\/wp-content\/uploads\/2024\/10\/der-300x225.jpg 300w, https:\/\/entreuth.iea.org.gr\/wp-content\/uploads\/2024\/10\/der-1024x768.jpg 1024w, https:\/\/entreuth.iea.org.gr\/wp-content\/uploads\/2024\/10\/der-768x576.jpg 768w, https:\/\/entreuth.iea.org.gr\/wp-content\/uploads\/2024\/10\/der-1536x1152.jpg 1536w\" sizes=\"(max-width: 2048px) 100vw, 2048px\" \/>\t\t\t\t\t\t\t\t\t\t\t\t\t\t\t<\/div>\n\t\t\t\t<\/div>\n\t\t\t\t<\/div>\n\t\t<div class=\"elementor-element elementor-element-defab1b e-con-full e-flex e-con e-child\" data-id=\"defab1b\" data-element_type=\"container\" data-e-type=\"container\">\n\t\t\t\t<div class=\"elementor-element elementor-element-7f53e1e elementor-widget elementor-widget-heading\" data-id=\"7f53e1e\" data-element_type=\"widget\" data-e-type=\"widget\" data-widget_type=\"heading.default\">\n\t\t\t\t<div class=\"elementor-widget-container\">\n\t\t\t\t\t<h3 class=\"elementor-heading-title elementor-size-default\">L'objectif global du projet est de soutenir le sens de l'initiative des jeunes Europ\u00e9ens dans le domaine de l'entrepreneuriat, en mettant l'accent sur les jeunes atteints de troubles sp\u00e9cifiques de l\u2019apprentissage. <\/h3>\t\t\t\t<\/div>\n\t\t\t\t<\/div>\n\t\t\t\t<div class=\"elementor-element elementor-element-2b501f1 elementor-widget elementor-widget-text-editor\" data-id=\"2b501f1\" data-element_type=\"widget\" data-e-type=\"widget\" data-widget_type=\"text-editor.default\">\n\t\t\t\t<div class=\"elementor-widget-container\">\n\t\t\t\t\t\t\t\t\t<p>Cet objectif sera atteint en promouvant l&rsquo;\u00e9ducation \u00e0 l&rsquo;entrepreneuriat par l&rsquo;engagement et la sensibilisation sur le sujet, via des outils num\u00e9riques, des m\u00e9thodes et des techniques adapt\u00e9s aux besoins des personnes souffrant de troubles sp\u00e9cifiques de l\u2019apprentissage.<\/p><p>Plus pr\u00e9cis\u00e9ment, ce projet poursuit d&rsquo;autres objectifs sp\u00e9cifiques :<\/p><p>&#8211; \u00c9laborer des strat\u00e9gies efficaces de d\u00e9veloppement des comp\u00e9tences entrepreneuriales pour les personnes atteintes de troubles sp\u00e9cifiques de l\u2019apprentissage.<\/p><p>&#8211; Am\u00e9liorer l&rsquo;inclusivit\u00e9 du cadre EntreComp en mettant l&rsquo;accent sur les jeunes atteints de troubles sp\u00e9cifiques de l\u2019apprentissage. Reconnaissant le besoin de durabilit\u00e9 dans tous les aspects du projet, le consortium s&rsquo;est engag\u00e9 \u00e0 incorporer des pratiques respectueuses de l&rsquo;environnement tout au long du cycle de vie du projet.<\/p><p>Le projet <strong>EntrEUth <\/strong>s&rsquo;attaque aux obstacles importants auxquels sont confront\u00e9s les jeunes atteints de troubles sp\u00e9cifiques de l\u2019apprentissage pour acc\u00e9der aux opportunit\u00e9s d&rsquo;entrepreneuriat en Europe. Des enqu\u00eates r\u00e9centes d&rsquo;Eurostat (2019) mettent en \u00e9vidence les disparit\u00e9s entre les personnes handicap\u00e9es et non handicap\u00e9es en termes de taux d&#8217;emploi ind\u00e9pendant et de ch\u00f4mage. Le taux d&#8217;emploi ind\u00e9pendant des personnes handicap\u00e9es dans l&rsquo;UE est inf\u00e9rieur de 29,5 points de pourcentage, tandis que le taux de ch\u00f4mage est deux fois plus \u00e9lev\u00e9. En outre, un rapport de la Commission europ\u00e9enne (2020) souligne que les personnes atteintes de troubles sp\u00e9cifiques de l\u2019apprentissage ou de handicaps sont sous-repr\u00e9sent\u00e9es dans l&#8217;emploi ind\u00e9pendant et l&rsquo;entrepreneuriat, puisque seuls 4,6 % des travailleurs ind\u00e9pendants font \u00e9tat de ces conditions (Eurostat, 2019 ; Commission europ\u00e9enne, 2020). Ces statistiques soulignent le besoin urgent d&rsquo;initiatives cibl\u00e9es qui soutiennent le d\u00e9veloppement des aptitudes et des comp\u00e9tences entrepreneuriales chez les jeunes atteints de troubles sp\u00e9cifiques de l\u2019apprentissage.   <\/p><p>Le projet <strong>EntrEUth <\/strong>vise \u00e0 combler cette lacune en encourageant l&rsquo;esprit d&rsquo;entreprise chez les jeunes atteints de troubles sp\u00e9cifiques du langage, favorisant ainsi l&rsquo;inclusion sociale et \u00e9conomique de cette population.<\/p><p>La communaut\u00e9 scientifique estime qu&rsquo;avec un soutien appropri\u00e9, les jeunes atteints de troubles sp\u00e9cifiques de l\u2019apprentissage peuvent non seulement r\u00e9ussir professionnellement dans l&rsquo;entrepreneuriat, mais aussi b\u00e9n\u00e9ficier d&rsquo;une meilleure inclusion dans la soci\u00e9t\u00e9. Simultan\u00e9ment, la soci\u00e9t\u00e9 dans son ensemble peut b\u00e9n\u00e9ficier d&rsquo;un engagement accru dans des activit\u00e9s entrepreneuriales men\u00e9es par des individus divers, y compris ceux atteints de troubles sp\u00e9cifiques de l\u2019apprentissage. <\/p><p>Le consortium du projet comprend des partenaires de Gr\u00e8ce, de Roumanie, d&rsquo;Italie, de Belgique et de Bulgarie, qui r\u00e9unissent des comp\u00e9tences en mati\u00e8re d&rsquo;entrepreneuriat des jeunes, de formation \u00e0 l&rsquo;entrepreneuriat et d&rsquo;innovation sociale. En tirant parti de leurs diverses perspectives et exp\u00e9riences, le consortium vise \u00e0 d\u00e9velopper des strat\u00e9gies efficaces pour am\u00e9liorer les comp\u00e9tences entrepreneuriales des jeunes atteints de troubles sp\u00e9cifiques du langage. <\/p>\t\t\t\t\t\t\t\t<\/div>\n\t\t\t\t<\/div>\n\t\t\t\t<\/div>\n\t\t\t\t<\/div>\n\t\t\t\t\t<\/div>\n\t\t\t\t<\/div>\n\t\t\t\t\t<\/div>\n\t\t\t\t<\/div>\n\t\t\t\t<\/div>\n\t\t","protected":false},"excerpt":{"rendered":"<p>Le projet Le projet EntrEUth vise \u00e0 d\u00e9velopper l&rsquo;esprit d&rsquo;entreprise chez les jeunes Europ\u00e9ens, en particulier ceux qui souffrent de troubles sp\u00e9cifiques de l&rsquo;apprentissage (TSA). L&rsquo;objectif global du projet est de soutenir le sens de l&rsquo;initiative des jeunes Europ\u00e9ens dans le domaine de l&rsquo;entrepreneuriat, en mettant l&rsquo;accent sur les jeunes atteints de troubles sp\u00e9cifiques de [&hellip;]<\/p>\n","protected":false},"author":1,"featured_media":0,"parent":0,"menu_order":0,"comment_status":"closed","ping_status":"closed","template":"","meta":{"site-sidebar-layout":"no-sidebar","site-content-layout":"page-builder","ast-site-content-layout":"default","site-content-style":"default","site-sidebar-style":"default","ast-global-header-display":"","ast-banner-title-visibility":"","ast-main-header-display":"","ast-hfb-above-header-display":"","ast-hfb-below-header-display":"","ast-hfb-mobile-header-display":"","site-post-title":"disabled","ast-breadcrumbs-content":"","ast-featured-img":"disabled","footer-sml-layout":"","ast-disable-related-posts":"","theme-transparent-header-meta":"enabled","adv-header-id-meta":"","stick-header-meta":"","header-above-stick-meta":"","header-main-stick-meta":"","header-below-stick-meta":"","astra-migrate-meta-layouts":"default","ast-page-background-enabled":"default","ast-page-background-meta":{"desktop":{"background-color":"var(--ast-global-color-4)","background-image":"","background-repeat":"repeat","background-position":"center center","background-size":"auto","background-attachment":"scroll","background-type":"","background-media":"","overlay-type":"","overlay-color":"","overlay-opacity":"","overlay-gradient":""},"tablet":{"background-color":"","background-image":"","background-repeat":"repeat","background-position":"center center","background-size":"auto","background-attachment":"scroll","background-type":"","background-media":"","overlay-type":"","overlay-color":"","overlay-opacity":"","overlay-gradient":""},"mobile":{"background-color":"","background-image":"","background-repeat":"repeat","background-position":"center center","background-size":"auto","background-attachment":"scroll","background-type":"","background-media":"","overlay-type":"","overlay-color":"","overlay-opacity":"","overlay-gradient":""}},"ast-content-background-meta":{"desktop":{"background-color":"var(--ast-global-color-5)","background-image":"","background-repeat":"repeat","background-position":"center center","background-size":"auto","background-attachment":"scroll","background-type":"","background-media":"","overlay-type":"","overlay-color":"","overlay-opacity":"","overlay-gradient":""},"tablet":{"background-color":"var(--ast-global-color-5)","background-image":"","background-repeat":"repeat","background-position":"center center","background-size":"auto","background-attachment":"scroll","background-type":"","background-media":"","overlay-type":"","overlay-color":"","overlay-opacity":"","overlay-gradient":""},"mobile":{"background-color":"var(--ast-global-color-5)","background-image":"","background-repeat":"repeat","background-position":"center center","background-size":"auto","background-attachment":"scroll","background-type":"","background-media":"","overlay-type":"","overlay-color":"","overlay-opacity":"","overlay-gradient":""}},"footnotes":""},"class_list":["post-2081","page","type-page","status-publish","hentry"],"_links":{"self":[{"href":"https:\/\/entreuth.iea.org.gr\/fr\/wp-json\/wp\/v2\/pages\/2081","targetHints":{"allow":["GET"]}}],"collection":[{"href":"https:\/\/entreuth.iea.org.gr\/fr\/wp-json\/wp\/v2\/pages"}],"about":[{"href":"https:\/\/entreuth.iea.org.gr\/fr\/wp-json\/wp\/v2\/types\/page"}],"author":[{"embeddable":true,"href":"https:\/\/entreuth.iea.org.gr\/fr\/wp-json\/wp\/v2\/users\/1"}],"replies":[{"embeddable":true,"href":"https:\/\/entreuth.iea.org.gr\/fr\/wp-json\/wp\/v2\/comments?post=2081"}],"version-history":[{"count":1,"href":"https:\/\/entreuth.iea.org.gr\/fr\/wp-json\/wp\/v2\/pages\/2081\/revisions"}],"predecessor-version":[{"id":2082,"href":"https:\/\/entreuth.iea.org.gr\/fr\/wp-json\/wp\/v2\/pages\/2081\/revisions\/2082"}],"wp:attachment":[{"href":"https:\/\/entreuth.iea.org.gr\/fr\/wp-json\/wp\/v2\/media?parent=2081"}],"curies":[{"name":"wp","href":"https:\/\/api.w.org\/{rel}","templated":true}]}}

<div data-elementor-type="wp-page" data-elementor-id="2081" class="elementor elementor-2081 elementor-452" data-elementor-post-type="page">
				<div class="elementor-element elementor-element-df82b27 e-flex e-con-boxed e-con e-parent" data-id="df82b27" data-element_type="container" data-e-type="container" data-settings="{&quot;background_background&quot;:&quot;classic&quot;}">
					<div class="e-con-inner">
		<div class="elementor-element elementor-element-9e9f24c e-flex e-con-boxed e-con e-child" data-id="9e9f24c" data-element_type="container" data-e-type="container">
					<div class="e-con-inner">
		<div class="elementor-element elementor-element-9f72f1b e-flex e-con-boxed e-con e-child" data-id="9f72f1b" data-element_type="container" data-e-type="container">
					<div class="e-con-inner">
		<div class="elementor-element elementor-element-9503712 e-flex e-con-boxed e-con e-child" data-id="9503712" data-element_type="container" data-e-type="container">
					<div class="e-con-inner">
				<div class="elementor-element elementor-element-5c086aa elementor-widget elementor-widget-heading" data-id="5c086aa" data-element_type="widget" data-e-type="widget" data-widget_type="heading.default">
				<div class="elementor-widget-container">
					<h6 class="elementor-heading-title elementor-size-default">Le projet</h6>				</div>
				</div>
				<div class="elementor-element elementor-element-ce48bc0 elementor-widget elementor-widget-heading" data-id="ce48bc0" data-element_type="widget" data-e-type="widget" data-widget_type="heading.default">
				<div class="elementor-widget-container">
					<h1 class="elementor-heading-title elementor-size-default">Le projet EntrEUth vise à développer l'esprit d'entreprise chez les jeunes Européens, en particulier ceux qui souffrent de troubles spécifiques de l'apprentissage (TSA). </h1>				</div>
				</div>
					</div>
				</div>
					</div>
				</div>
		<div class="elementor-element elementor-element-a1fa886 e-con-full e-flex e-con e-child" data-id="a1fa886" data-element_type="container" data-e-type="container">
		<div class="elementor-element elementor-element-53ff607 e-con-full e-flex e-con e-child" data-id="53ff607" data-element_type="container" data-e-type="container">
				<div class="elementor-element elementor-element-51338b4 elementor-widget elementor-widget-image" data-id="51338b4" data-element_type="widget" data-e-type="widget" data-widget_type="image.default">
				<div class="elementor-widget-container">
															<img fetchpriority="high" decoding="async" width="678" height="1171" src="https://entreuth.iea.org.gr/wp-content/uploads/2024/10/proj.jpg" class="attachment-full size-full wp-image-1736" alt="" srcset="https://entreuth.iea.org.gr/wp-content/uploads/2024/10/proj.jpg 678w, https://entreuth.iea.org.gr/wp-content/uploads/2024/10/proj-174x300.jpg 174w, https://entreuth.iea.org.gr/wp-content/uploads/2024/10/proj-593x1024.jpg 593w" sizes="(max-width: 678px) 100vw, 678px" />															</div>
				</div>
				<div class="elementor-element elementor-element-e333505 elementor-widget elementor-widget-image" data-id="e333505" data-element_type="widget" data-e-type="widget" data-widget_type="image.default">
				<div class="elementor-widget-container">
															<img decoding="async" width="2048" height="1536" src="https://entreuth.iea.org.gr/wp-content/uploads/2024/10/der.jpg" class="attachment-full size-full wp-image-1796" alt="" srcset="https://entreuth.iea.org.gr/wp-content/uploads/2024/10/der.jpg 2048w, https://entreuth.iea.org.gr/wp-content/uploads/2024/10/der-300x225.jpg 300w, https://entreuth.iea.org.gr/wp-content/uploads/2024/10/der-1024x768.jpg 1024w, https://entreuth.iea.org.gr/wp-content/uploads/2024/10/der-768x576.jpg 768w, https://entreuth.iea.org.gr/wp-content/uploads/2024/10/der-1536x1152.jpg 1536w" sizes="(max-width: 2048px) 100vw, 2048px" />															</div>
				</div>
				</div>
		<div class="elementor-element elementor-element-defab1b e-con-full e-flex e-con e-child" data-id="defab1b" data-element_type="container" data-e-type="container">
				<div class="elementor-element elementor-element-7f53e1e elementor-widget elementor-widget-heading" data-id="7f53e1e" data-element_type="widget" data-e-type="widget" data-widget_type="heading.default">
				<div class="elementor-widget-container">
					<h3 class="elementor-heading-title elementor-size-default">L'objectif global du projet est de soutenir le sens de l'initiative des jeunes Européens dans le domaine de l'entrepreneuriat, en mettant l'accent sur les jeunes atteints de troubles spécifiques de l’apprentissage. </h3>				</div>
				</div>
				<div class="elementor-element elementor-element-2b501f1 elementor-widget elementor-widget-text-editor" data-id="2b501f1" data-element_type="widget" data-e-type="widget" data-widget_type="text-editor.default">
				<div class="elementor-widget-container">
									<p>Cet objectif sera atteint en promouvant l&rsquo;éducation à l&rsquo;entrepreneuriat par l&rsquo;engagement et la sensibilisation sur le sujet, via des outils numériques, des méthodes et des techniques adaptés aux besoins des personnes souffrant de troubles spécifiques de l’apprentissage.</p><p>Plus précisément, ce projet poursuit d&rsquo;autres objectifs spécifiques :</p><p>&#8211; Élaborer des stratégies efficaces de développement des compétences entrepreneuriales pour les personnes atteintes de troubles spécifiques de l’apprentissage.</p><p>&#8211; Améliorer l&rsquo;inclusivité du cadre EntreComp en mettant l&rsquo;accent sur les jeunes atteints de troubles spécifiques de l’apprentissage. Reconnaissant le besoin de durabilité dans tous les aspects du projet, le consortium s&rsquo;est engagé à incorporer des pratiques respectueuses de l&rsquo;environnement tout au long du cycle de vie du projet.</p><p>Le projet <strong>EntrEUth </strong>s&rsquo;attaque aux obstacles importants auxquels sont confrontés les jeunes atteints de troubles spécifiques de l’apprentissage pour accéder aux opportunités d&rsquo;entrepreneuriat en Europe. Des enquêtes récentes d&rsquo;Eurostat (2019) mettent en évidence les disparités entre les personnes handicapées et non handicapées en termes de taux d&#8217;emploi indépendant et de chômage. Le taux d&#8217;emploi indépendant des personnes handicapées dans l&rsquo;UE est inférieur de 29,5 points de pourcentage, tandis que le taux de chômage est deux fois plus élevé. En outre, un rapport de la Commission européenne (2020) souligne que les personnes atteintes de troubles spécifiques de l’apprentissage ou de handicaps sont sous-représentées dans l&#8217;emploi indépendant et l&rsquo;entrepreneuriat, puisque seuls 4,6 % des travailleurs indépendants font état de ces conditions (Eurostat, 2019 ; Commission européenne, 2020). Ces statistiques soulignent le besoin urgent d&rsquo;initiatives ciblées qui soutiennent le développement des aptitudes et des compétences entrepreneuriales chez les jeunes atteints de troubles spécifiques de l’apprentissage.   </p><p>Le projet <strong>EntrEUth </strong>vise à combler cette lacune en encourageant l&rsquo;esprit d&rsquo;entreprise chez les jeunes atteints de troubles spécifiques du langage, favorisant ainsi l&rsquo;inclusion sociale et économique de cette population.</p><p>La communauté scientifique estime qu&rsquo;avec un soutien approprié, les jeunes atteints de troubles spécifiques de l’apprentissage peuvent non seulement réussir professionnellement dans l&rsquo;entrepreneuriat, mais aussi bénéficier d&rsquo;une meilleure inclusion dans la société. Simultanément, la société dans son ensemble peut bénéficier d&rsquo;un engagement accru dans des activités entrepreneuriales menées par des individus divers, y compris ceux atteints de troubles spécifiques de l’apprentissage. </p><p>Le consortium du projet comprend des partenaires de Grèce, de Roumanie, d&rsquo;Italie, de Belgique et de Bulgarie, qui réunissent des compétences en matière d&rsquo;entrepreneuriat des jeunes, de formation à l&rsquo;entrepreneuriat et d&rsquo;innovation sociale. En tirant parti de leurs diverses perspectives et expériences, le consortium vise à développer des stratégies efficaces pour améliorer les compétences entrepreneuriales des jeunes atteints de troubles spécifiques du langage. </p>								</div>
				</div>
				</div>
				</div>
					</div>
				</div>
					</div>
				</div>
				</div>

<p>Le projet Le projet EntrEUth vise à développer l&rsquo;esprit d&rsquo;entreprise chez les jeunes Européens, en particulier ceux qui souffrent de troubles spécifiques de l&rsquo;apprentissage (TSA). L&rsquo;objectif global du projet est de soutenir le sens de l&rsquo;initiative des jeunes Européens dans le domaine de l&rsquo;entrepreneuriat, en mettant l&rsquo;accent sur les jeunes atteints de troubles spécifiques de [&hellip;]</p>
